{"id":27,"date":"2022-04-30T09:51:18","date_gmt":"2022-04-30T06:51:18","guid":{"rendered":"https:\/\/clinisoft.fi\/?page_id=27"},"modified":"2022-06-14T07:27:48","modified_gmt":"2022-06-14T04:27:48","slug":"miksi-clinisoft","status":"publish","type":"page","link":"https:\/\/clinisoft.fi\/?page_id=27&lang=fi","title":{"rendered":"Miksi Clinisoft"},"content":{"rendered":"<div class=\"gb-container gb-container-227bf18f\"><div class=\"gb-inside-container\"><\/div><\/div>\n\n<div class=\"gb-container gb-container-f5066444\"><div class=\"gb-inside-container\">\n<div class=\"gb-grid-wrapper gb-grid-wrapper-60de0971\">\n<div class=\"gb-grid-column gb-grid-column-6a70c16b\"><div class=\"gb-container gb-container-6a70c16b\"><div class=\"gb-inside-container\">\n\n<h1 class=\"gb-headline gb-headline-c94d1c6b gb-headline-text\">Miksi valita yhteisty\u00f6kumppaniksi Clinisoft<\/h1>\n\n\n\n<p>Clinisoftin perim\u00e4\u00e4n on rakennettu terveydenhuollon syv\u00e4 osaaminen. Kun itse aloitin nuorena suunnittelijana tehohoidon tietoj\u00e4rjestelmi\u00e4 valmistavassa startupissa, oli silloisessa tuoreessa yrityksess\u00e4 jo sis\u00e4\u00e4n rakennettuna toimintamalli, jossa tuote toteutettiin kansainv\u00e4linen markkina mieless\u00e4 yhdess\u00e4 paikallisten loppuk\u00e4ytt\u00e4jien kanssa. Yritys myytiin, ja uuden omistajan my\u00f6t\u00e4 tuotteesta kasvoi ajan mittaan menestyv\u00e4 osa ison kansainv\u00e4lisen yrityksen valikoimaa. Sama toimintatapa on osoittautunut matkan varrella parhaaksi my\u00f6s lukuisissa muissa projekteissa ja yrityksiss\u00e4. Vain tiivis yhteisty\u00f6 loppuk\u00e4ytt\u00e4jien kanssa tuottaa sovelluksia, joilla voi olla my\u00f6s vahva kansainv\u00e4linen markkina.<\/p>\n\n\n\n<h2 class=\"gb-headline gb-headline-ad58baac gb-headline-text\">Teemme sovelluksia terveydenhuollon ammattilaisille potilaiden hy\u00f6dyksi<\/h2>\n\n\n\n<p>Toinen kokemuksen tuoma oppi liittyy ydinprosessiin. Tyypillisesti terveydenhuollossa k\u00e4ytett\u00e4v\u00e4t sovellukset on optimoitu hallinnollisten prosessien n\u00e4k\u00f6kulmasta. Potilaan ja ammattilaisen vuorovaikutuksen sujuvuus, ja hoitoprosessin sopeutuminen potilaan tilaan kuitenkin vaikuttaa vahvasti lopputulokseen ja kustannuksiin. Ty\u00f6n sujuvuuden taas ratkaisee pitk\u00e4lti kuinka hyv\u00e4n kuvan potilaan tilasta ammattilainen saa, ja kuinka hyvin j\u00e4rjestelm\u00e4 tukee ammattilaisen ty\u00f6nkulkua juuri t\u00e4m\u00e4n potilaan kohdalla. <\/p>\n\n\n\n<p>Toisin kuin teollisuudessa, jossa prosessit ovat melko pysyvi\u00e4, terveydenhuollossa erilaisia optimoitavia prosesseja on yht\u00e4 paljon kuin potilaita. Optimointia onkin teht\u00e4v\u00e4 koko ajan yksitt\u00e4isen potilaan tilan mukaisesti. Kolmenkymmenen vuoden aikana rakentunut prosessiosaaminen on perustana kaikessa tekemisess\u00e4mme, ja sit\u00e4 osaamista kehit\u00e4mme edelleen.<\/p>\n\n\n\n<p>Osa terveydenhuollon j\u00e4rjestelmien j\u00e4ykkyyksist\u00e4 johtuu teknologiasta, jota niiden kehitt\u00e4miseen k\u00e4ytet\u00e4\u00e4n. J\u00e4rjestelm\u00e4t perustuvat joitakin poikkeuksia lukuunottamatta perimm\u00e4lt\u00e4\u00e4n 80-90 luvun alustoihin, jotka edelleen toimivat hyvin kaupan ja rahoitusalan ymp\u00e4rist\u00f6iss\u00e4, mutta ovat liian alkeellisia vaativaan tieteelliseen k\u00e4ytt\u00f6\u00f6n, jota terveydenhuolto on. Nykyaikainen potilasvalvontamonitori pystyy mittaamaan kymmeni\u00e4 tai satoja parametreja. Kun siihen lasketaan laboratorioiden ja ammattilaisten tallentama tieto, t\u00e4yttyv\u00e4t tietokannat datalla, jonka vain toimittajat pystyv\u00e4t purkamaan tiedoksi. Syntyy toimittajalukkoja, jotka v\u00e4\u00e4rist\u00e4v\u00e4t kilpailua.<\/p>\n\n\n\n<p>HL7 ja OpenEHR organisaatiot ovat tehneet viimeisen vuosikymmenen aikana hyv\u00e4\u00e4 ty\u00f6t\u00e4 standardoinnin parissa. OpenEHR standardoi terveydenhuollon tietorakenteita, ja HL7 tuo yhten\u00e4isen mallin eri j\u00e4rjestelmien v\u00e4liseen integraatioon. Molemmat tukevat toimittajalukon purkamisessa ja tuovat uutta dynamiikkaa toimialalle. Me tulemme olemaan aktiivinen toimija t\u00e4ll\u00e4 sektorilla, ja tukemaan standardointia omalta osaltamme.<\/p>\n\n\n\n<h2 class=\"gb-headline gb-headline-d10278bb gb-headline-text\">Turvallisuus ja laatu ovat ohjelmistokehityksen keski\u00f6ss\u00e4<\/h2>\n\n\n\n<p>Kolmas oppi liittyy tuotteiden turvallisuuteen. Terveydenhuollon ty\u00f6n luonteesta johtuen ammattilaisen on hyvin rajallisessa ajassa saatava luotettava kuva potilaan statuksesta ja muokattu hoitosuunnitelma toteutukseen. Toteutukseen liittyv\u00e4 tiedonkeruu on tapahduttava hoitoty\u00f6n rinnalla, sit\u00e4 hidastamatta ja haittaamatta. Kaikki t\u00e4m\u00e4 edellytt\u00e4\u00e4 tietojen koostamista, jalostamista, integraatioita ja automaatiota. T\u00e4llaiset sovellukset kuuluvat EU:n l\u00e4\u00e4kint\u00e4laiteasetuksen piiriin. My\u00f6s reguloitujen sovellusten toteuttaminen on osa Clinisoftin DNA:ta. Olemme sitoutuneet laatuj\u00e4rjestelm\u00e4ss\u00e4mme toimimaan lains\u00e4\u00e4d\u00e4nn\u00f6n mukaisesti, parhaiksi todettuja ty\u00f6menetelmi\u00e4 k\u00e4ytt\u00e4en.<\/p>\n\n\n\n<p>Siksi Clinisoft. Teemme t\u00f6it\u00e4 yhdess\u00e4 terveydenhuollon ammattilaisten kanssa potilaan parhaaksi yhteisty\u00f6ss\u00e4 l\u00e4\u00e4ketieteen ja hoidon ammattilaisten kanssa. On mukava palata kotiin taas.<\/p>\n\n\n\n<p>Pekka Kola, yritt\u00e4j\u00e4<\/p>\n\n\n\n<figure class=\"wp-block-image size-medium is-resized is-style-rounded img-profile-bottom\"><img loading=\"lazy\" decoding=\"async\" src=\"https:\/\/clinisoft.fi\/wp-content\/uploads\/2022\/06\/pekka.jpg\" alt=\"\" class=\"wp-image-110\" width=\"90\" height=\"90\"\/><\/figure>\n\n<\/div><\/div><\/div>\n<\/div>\n<\/div><\/div>","protected":false},"excerpt":{"rendered":"","protected":false},"author":1,"featured_media":0,"parent":0,"menu_order":0,"comment_status":"closed","ping_status":"closed","template":"","meta":{"inline_featured_image":false,"footnotes":""},"class_list":["post-27","page","type-page","status-publish"],"lang":"fi","translations":{"fi":27,"en":189},"pll_sync_post":[],"_links":{"self":[{"href":"https:\/\/clinisoft.fi\/index.php?rest_route=\/wp\/v2\/pages\/27","targetHints":{"allow":["GET"]}}],"collection":[{"href":"https:\/\/clinisoft.fi\/index.php?rest_route=\/wp\/v2\/pages"}],"about":[{"href":"https:\/\/clinisoft.fi\/index.php?rest_route=\/wp\/v2\/types\/page"}],"author":[{"embeddable":true,"href":"https:\/\/clinisoft.fi\/index.php?rest_route=\/wp\/v2\/users\/1"}],"replies":[{"embeddable":true,"href":"https:\/\/clinisoft.fi\/index.php?rest_route=%2Fwp%2Fv2%2Fcomments&post=27"}],"version-history":[{"count":27,"href":"https:\/\/clinisoft.fi\/index.php?rest_route=\/wp\/v2\/pages\/27\/revisions"}],"predecessor-version":[{"id":417,"href":"https:\/\/clinisoft.fi\/index.php?rest_route=\/wp\/v2\/pages\/27\/revisions\/417"}],"wp:attachment":[{"href":"https:\/\/clinisoft.fi\/index.php?rest_route=%2Fwp%2Fv2%2Fmedia&parent=27"}],"curies":[{"name":"wp","href":"https:\/\/api.w.org\/{rel}","templated":true}]}}